 = -v**2 - 33*v - 126. Calculate z(-29).
-10
Let g(w) = -w + 8. What is g(-7)?
15
Let o(a) = 5*a + 121. Give o(-24).
1
Let p(s) = -3*s - 3. Give p(-2).
3
Let r(w) = w**3 + 13*w**2 + w + 1. Calculate r(-13).
-12
Let z(r) = 3*r**3 - 6*r**2 - 6*r + 6. Give z(3).
15
Let u(g) = -5*g - 1. Determine u(-3).
14
Let v(u) = u - 18. Give v(11).
-7
Let k(r) = -4*r - 2. What is k(-2)?
6
Let o(b) = -2*b**2 - 23*b - 46. Determine o(-9).
-1
Let s(d) = d**2 + 14*d + 15. Calculate s(-1).
2
Let l(a) = -10*a + 40. Calculate l(4).
0
Let n(b) = b**3 + 13*b**2 + 50*b + 83. Determine n(-8).
3
Let q(z) = 20*z + 217. What is q(-10)?
17
Let t(g) = g**3 + 4*g**2 - 3*g - 6. Determine t(-4).
6
Let f(x) = 4*x + 1. Calculate f(5).
21
Let x(n) = 182*n + 542. Calculate x(-3).
-4
Let v(r) = -r**3 + 10*r**2 + 11*r + 6. What is v(11)?
6
Let k(t) = -4*t**2 + 7*t + 3. Calculate k(3).
-12
Let y(v) = -5*v**2 + v - 2. What is y(2)?
-20
Let b(i) = -i**3 - 11*i**2 - 9*i + 11. What is b(-10)?
1
Let z(p) = 2*p**3 - 2*p**2 + 3*p - 13. What is z(0)?
-13
Let h(s) = s**2 - 6*s - 10. What is h(8)?
6
Let a(m) = -2*m**2 - 19*m - 16. Calculate a(-9).
-7
Let w(l) = -l**3 - 20*l**2 - 19*l + 29. What is w(-19)?
29
Let y(r) = -r**3 - r + 8. Determine y(0).
8
Let y(g) = -g**2 - 3*g - 9. What is y(0)?
-9
Let t(g) = -2*g**2 - 19*g - 15. Give t(-8).
9
Let a(z) = -2*z**3 - z**2 - z + 1. Give a(-3).
49
Let j(o) = o + 21. Determine j(0).
21
Let q(k) = 2*k**3 - 9*k**2 + 15*k - 25. Calculate q(3).
-7
Let k(b) = 2*b**2 - 76*b + 144. Determine k(36).
0
Let p(w) = -4*w + 33. What is p(0)?
33
Let u(d) = 2*d**3 + 2*d**2 - 3*d - 3. Give u(-2).
-5
Let i(d) = -3*d**2 - 17*d + 4. Give i(-5).
14
Let q(r) = 7*r - 6. Determine q(7).
43
Let o(b) = b**3 - 2*b - 3. Calculate o(-2).
-7
Let g(f) = -3*f - 31. What is g(-17)?
20
Let s(b) = -b**3 + 2*b**2 + 2*b - 3. What is s(4)?
-27
Let z(q) = -120*q + 1310. What is z(11)?
-10
Let t(d) = -6*d**2 - 2*d. Determine t(2).
-28
Let n(y) = -23*y**2 + 2*y + 1. Calculate n(1).
-20
Let s(k) = k**2 + 11*k + 9. Calculate s(-9).
-9
Let y(k) = 6*k + 29. What is y(-5)?
-1
Let a(k) = -5*k - 8. Calculate a(7).
-43
Let y(i) = -3*i**2 + 13*i - 11. Determine y(3).
1
Let z(j) = -j**3 + 6*j**2 + 6*j + 6. Calculate z(7).
-1
Let c(h) = h**3 - h**2 + 5*h - 1. Give c(-3).
-52
Let y(p) = p - 5. Determine y(-9).
-14
Let n(t) = -7*t**2 + 1. What is n(-1)?
-6
Let w(a) = -a**2 + 8*a + 9. Determine w(-4).
-39
Let q(z) = z**2 - 12*z - 11. What is q(12)?
-11
Let z(i) = 2*i + 7. Determine z(-5).
-3
Let u(i) = 2*i + 80. Give u(-40).
0
Let r(k) = -7*k + 26. What is r(5)?
-9
Let h(u) = u**2 - 23*u + 76. What is h(19)?
0
Let y(l) = -l**3 + 9*l**2 + 11*l - 6. What is y(10)?
4
Let p(v) = 26*v + 1196. Determine p(-46).
0
Let j(x) = -x**2 - 5*x + 43. Give j(-9).
7
Let k(v) = -v**3 + 2*v**2 - 5*v - 3. Determine k(-2).
23
Let f(w) = -3*w + 27. Determine f(8).
3
Let k(r) = 4*r + 2. Give k(-3).
-10
Let c(m) = -3*m + 60. Give c(36).
-48
Let g(n) = 5*n**2 - 131*n + 25. Determine g(26).
-1
Let a(m) = 2*m - 52. Determine a(9).
-34
Let k(m) = -8*m**2 + 6*m + 17. Determine k(-2).
-27
Let c(v) = -10*v + 11. Determine c(-4).
51
Let n(t) = 2*t**2 - 2*t - 2. Determine n(-5).
58
Let t(l) = l + 16. What is t(11)?
27
Let w(s) = 5*s + 20. Calculate w(-3).
5
Let q(j) = 4*j - 11. Determine q(9).
25
Let w(p) = -p - 3. What is w(-2)?
-1
Let i(r) = 8*r + 79. Give i(-8).
15
Let t(u) = -4*u**2 + 77*u + 62. Give t(20).
2
Let g(v) = -4*v**2 - 22*v - 25. What is g(-5)?
-15
Let y(c) = -c**2 - 4*c - 4. Determine y(-4).
-4
Let g(r) = -4*r + 20. Give g(14).
-36
Let s(m) = m**2 + 11*m + 9. Give s(-10).
-1
Let l(a) = -a**3 - 7*a**2 - 8*a - 7. Calculate l(-5).
-17
Let i(y) = y**2 + 15*y + 19. Determine i(-9).
-35
Let p(o) = o**2 + 9*o - 6. Determine p(-8).
-14
Let k(t) = -2*t**3 + t**2 - 2*t - 2. Give k(-2).
22
Let i(t) = t**3 - 4*t**2 - 8*t + 9. What is i(5)?
-6
Let g(i) = -i**3 + i**2 + 5*i + 2. Determine g(4).
-26
Let f(x) = x**3 - 8*x**2 - 12*x. Determine f(9).
-27
Let p(m) = -4*m - 6. What is p(-10)?
34
Let w(f) = 2*f**2 + 6. What is w(-3)?
24
Let l(r) = r**2 - 4*r - 3. Give l(9).
42
Let r(x) = 4*x**2 - 8*x + 5. What is r(3)?
17
Let q(b) = b**2 - 8*b + 8. Give q(11).
41
Let u(d) = 12*d - 15. Determine u(6).
57
Let k(o) = o**3 + 7*o**2 + 11*o + 15. What is k(-6)?
-15
Let r(h) = h**2 - 14*h + 4. Determine r(14).
4
Let z(h) = 12*h + 4. Determine z(-1).
-8
Let g(l) = -3*l + 18. What is g(-22)?
84
Let x(v) = -v**3 + 3*v**2 + 3*v + 4. Calculate x(4).
0
Let q(x) = x**3 + 16*x**2 - 14*x + 24. Determine q(-17).
-27
Let w(l) = l**2 - 5*l + 6. Calculate w(5).
6
Let l(o) = -o**3 + 3*o**2 + 3*o - 1. Give l(4).
-5
Let o(b) = 5*b + 47. What is o(-8)?
7
Let v(q) = q**3 - 39*q + 19. What is v(6)?
1
Let u(g) = g + 16. Calculate u(-7).
9
Let l(g) = 11*g - 85. Calculate l(8).
3
Let a(o) = 118*o**2 - 7*o - 7. What is a(-1)?
118
Let b(l) = -l**3 + 8*l**2 - 3*l - 2. Calculate b(0).
-2
Let m(z) = -z**3 + 5*z**2 + 9*z - 2. Give m(6).
16
Let u(t) = -26*t + 41. What is u(2)?
-11
Let p(o) = 31*o + 11. Calculate p(-2).
-51
Let z(v) = 2*v**2 + 39*v + 55. What is z(-18)?
1
Let r(s) = 4*s + 127. Determine r(-29).
11
Let y(c) = -c**3 + 5*c**2 - 3*c + 11. What is y(6)?
-43
Let a(k) = k**3 - 14*k**2 + k - 14. What is a(14)?
0
Let k(g) = g**2 + 8*g - 2. What is k(-7)?
-9
Let g(l) = -l**3 + 15*l**2 + 2*l. Calculate g(15).
30
Let u(n) = -3*n - 11. Determine u(-9).
16
Let s(m) = m + 2. What is s(6)?
8
Let l(i) = -i**2 + 15*i + 66. Determine l(19).
-10
Let s(w) = -23*w + 25. Determine s(1).
2
Let o(w) = -4*w**2 - w + 8. Calculate o(-2).
-6
Let c(q) = q**3 + 2*q**2 + 5*q - 10. Calculate c(4).
106
Let n(j) = -j - 2. Give n(-15).
13
Let y(i) = i**2 + 26*i - 68. Give y(-28).
-12
Let x(d) = 60*d - 653. Calculate x(11).
7
Let v(t) = -t**3 - 5*t**2 - t + 3. What is v(-2)?
-7
Let x(n) = 2*n + 7. What is x(2)?
11
Let a(v) = -2*v**3 - 7*v**2 - 3*v - 2. Give a(-3).
-2
Let f(q) = -q**3 + 6*q**2 + 7*q - 16. What is f(5)?
44
Let j(y) = -y**3 - y**2 + 4*y. Give j(-3).
6
Let h(b) = -6*b + 48. Determine h(10).
-12
Let f(g) = 4*g - 129. Determine f(27).
-21
Let j(t) = -109*t - 656. Give j(-6).
-2
Let p(l) = -2*l - 6. Give p(-8).
10
Let w(b) = 2*b + 28. Give w(-14).
0
Let l(n) = -n**3 + 6*n**2 - 6*n + 3. Calculate l(5).
-2
Let t(a) = a**3 - 38*a**2 + 5*a - 193. Give t(38).
-3
Let v(p) = -6*p + 1. Determine v(1).
-5
Let j(n) = -n**2 - 8*n. What is j(-11)?
-33
Let z(a) = a**3 - 5*a**2 - 8*a. Give z(6).
-12
Let u(a) = -a + 21. What is u(9)?
12
Let f(m) = m**2 + 11*m + 32. Give f(-9).
14
Let x(g) = 3*g - 3. Give x(-1).
-6
Let s(m) = -m - 5. Determine s(-16).
11
Let m(i) = -2*i - 43. What is m(-18)?
-7
Let u(x) = x**2 + 5*x + 5. What is u(-7)?
19
Let g(n) = n**3 + 17*n**2 - 11*n - 156. Calculate g(-17).
31
Let f(p) = 25*p**3 + 2*p**2 + 3*p + 2. Give f(-1).
-24
Let j(l) = -2*l + 25. Give j(17).
-9
Let g(l) = l**2 - 19*l + 40. Calculate g(17).
6
Let d(y) = -2*y**3 + 16*y**2 - 10*y + 6. Calculate d(6).
90
Let y(o) = -2*o**2 + 5. Give y(4).
-27
Let f(g) = -g**3 - 10*g**2 + 11*g - 1. What is f(-11)?
-1
Let w(k) = -83*k - 491. Calculate w(-6).
7
Let v(u) = -u**3 - 15*u**2 - 12*u + 45. What is v(-14)?
17
Let a(k) = k**3 + 20*k**2 + 38*k + 26. Calculate a(-18).
-10
Let v(g) = -19*g**3 - 4*g + 4. Calculate v(1).
-19
Let r(q) = -q + 19. What is r(-14)?
33
Let a(x) = -4*x**3 + 2*x**2 - 1. Determine a(-1).
5
Let k(q) = -12*q - 97. Determine k(-8).
-1
Let w(s) = -s**2 + 11*s - 9. Calculate w(9).
9
Let t(n) = -n**3 + 4*n**2 + 3*n + 62. Determine t(6).
8
Let t(a) = -a**3 - 6*a**2 + 2*a + 11. Give t(-6).
-1
Let w(v) = -2*v**2 - 7. Determine w(0).
-7
Let h(w) = -11*w - 181. Give h(-17).
6
Let y(b) = 15*b + 256. What is y(-17)?
1
Let q(d) = d**3 - 15*d**2 + 4*d + 30. Determine q(15).
90
Let y(m) = -2*m**2. What is y(0)?
0
Let v(w) = -31*w + 165. Determine v(5).
10
Let u(v) = -v + 3. Give u(-1).
4
Let n(c) = 2*c**3 + c**2 + 2*c + 1. Determine n(-2).
-15
Let o(w) = -2*w**2 - 4*w + 14. Determine o(5).
-56
Let s(h) = 2*h**2 - 8*h - 12. Determine s(-6).
108
Let j(v) = -2*v**3 + 3*v - 2. What is j(2)?
-12
Let a(m) = m. Give a(9).
9
Let a(q) = q**2 + 5*q - 5. Determine a(-9).
31
Let n(o) = -o**3 - 8*o**2 + 10*o + 20. Give n(-8).
-60
Let d(m) = -19*m + 19. Give d(1).
0
Let l(z) = -4*z**2 + 7*z + 7. Calculate l(-4).
-85
Let f(j) = -j*